{"id":138,"date":"2019-12-12T21:50:00","date_gmt":"2019-12-12T20:50:00","guid":{"rendered":"http:\/\/fotografie.remmeltvanveelen.nl\/?page_id=138"},"modified":"2022-10-26T16:12:56","modified_gmt":"2022-10-26T15:12:56","slug":"personalia","status":"publish","type":"page","link":"https:\/\/remmeltvanveelen.nl\/?page_id=138","title":{"rendered":"Personalia"},"content":{"rendered":"<style type=\"text\/css\">\n<p>body<br \/>{<br \/>background-image:url('achtergrond-1.gif');<br \/>background-repeat:no-repeat;<br \/>background-attachment:fixed;<br \/>}<br \/><\/style>\n<table border=\"0\" width=\"870\" cellspacing=\"0\" cellpadding=\"0\">\n<tbody>\n<tr>\n<th class=\"VerdanaMiddel\" scope=\"row\">\n<p align=\"left\">1954-1964: Gewerkt bij een professioneel fotograaf (Wim van Dijk), waar ik het vak geleerd heb.<br \/>\n1961-1968: Vrije Universiteit te Amsterdam: sociale geografie en kunstgeschiedenis.<\/p>\n<p align=\"left\">1968-2003: docent Aardrijkskunde op het ECL in Haarlem , vanaf 1988 ook decaan.<\/p>\n<p align=\"left\">In mijn studie heb ik het landschap ontdekt. Interessant is hierbij de wisselwerking tussen natuurlijke processen en menselijke activiteiten. Zowel in de polderlandschappen als in de berggebieden van Itali\u00eb (Toscane, Umbri\u00eb en Sicili\u00eb) is te zien dat de mens zich een onderdeel weet van de natuur. Zo ontstaan ecosystemen waar alles zijn eigen plaats heeft. Niet de mens is de maat aller dingen! Maar het resultaat van zijn activiteiten is wel zichtbaar. De spanning in de foto&#8217;s wordt veroorzaakt door de sporen die de mens in het landschap heeft achtergelaten. Armando spreekt van het &#8220;schuldige landschap&#8221;. Maar dat maakt het ook interessant. Schuld en onschuld hebben alles met elkaar te maken. Dat probeer ik in mijn foto&#8217;s zichtbaar te maken.<\/p>\n<p align=\"left\">Er is geen wezenlijk onderscheid tussen landschapsfotografie en andere richtingen in de fotografie. De mens zelf is een landschap, met alle veranderingen in de tijd en alle momenten van evenwicht.<\/p>\n<p class=\"VerdanaMiddelVet\" align=\"left\">Colofon<\/p>\n<p class=\"VerdanaMiddel\" align=\"left\">Galerie Cisart, Alkmaar, 1984<\/p>\n<p class=\"VerdanaMiddel\" align=\"left\">Slot Zeist, Zeist, 1985<\/p>\n<p class=\"VerdanaMiddel\" align=\"left\">Opleidingscentrum De Baak, Noordwijk, 1985<\/p>\n<p class=\"VerdanaMiddel\" align=\"left\">Opleidingscentrum ING, Arnhem, 1986<\/p>\n<p class=\"VerdanaMiddel\" align=\"left\">Concertgebouw Haarlem, 1990<\/p>\n<p class=\"VerdanaMiddel\" align=\"left\">Architectuurcentrum, ABC, Haarlem, 1998 en in 2006<\/p>\n<p class=\"VerdanaMiddel\" align=\"left\">Galerie Petra Spuijbroek, Haarlem, deelname groepstentoonstelling, 30 sept. -12 november 2006<\/p>\n<p class=\"VerdanaMiddel\" align=\"left\">ITAF (kunstbeurs), Amsterdam: 19-22 april 2007<\/p>\n<p class=\"VerdanaMiddel\" align=\"left\">Galerie De Opsteker, Amsterdam, 03 t\/m 25 augustus 2007.<\/p>\n<p class=\"VerdanaMiddel\" align=\"left\">Im\u00e1genes y Palabras, Consulado del Mar, Burgos (Spanje): 24 april &#8211; 07 mei 2008<\/p>\n<p class=\"VerdanaMiddel\" align=\"left\">St Engelmunduskerk in Velsen ( samen met de edelsmidkunstenaar Jorgen Rasmussens): 15 &#8211; 22 november 2008<\/p>\n<p class=\"VerdanaMiddel\" align=\"left\">Het Nederland van de Fotografenavond. 43 fotografen laten beelden zien van het Nederlandse landschap of het Nederland van het Verleden. Expositie t\/m 22 februari 2009 in de ABC Treehouse<\/p>\n<p class=\"VerdanaMiddel\" align=\"left\">Galerie Eduarte, Amsterdam: 27juni &#8211; 18 juli 2009<\/p>\n<p class=\"VerdanaMiddel\" align=\"left\"><a href=\"http:\/\/www.efti.es\/\">Escuela de Fotograf\u00eda<\/a>, Madrid: 27 november &#8211; 18 december 2009. Zie Galerie Eduarte<\/p>\n<p class=\"VerdanaMiddel\" align=\"left\">Faculteit van de Schone Kunsten van de Universiteit van Madrid: 16 februari &#8211; 16 maart 2010.<\/p>\n<p class=\"VerdanaMiddel\" align=\"left\">Dicht op de huid. 10 jaar Fotografenavond. Meer dan 40 fotografen laten hun werk zien. Jubileumexpositie van 12 november &#8211; 10 december 2010, Fotovakschool, Nieuwe Spiegelstraat 10, Amsterdam.<\/p>\n<p class=\"VerdanaMiddel\" align=\"left\">Vanaf april 2011, gedurende een jaar in diverse gebouwen van de Hogeschool Amsterdam<\/p>\n<p class=\"VerdanaMiddel\" align=\"left\">Expositie in galerie W1F, Amsterdam, van 11 september tot 3 oktober 2011. De foto op de affiche heeft een prijs gewonnen in het gemeentemuseum van Helmond op 26 juli 2011, waar een wedstrijd was uitgeschreven, met als doel een foto in te sturen die, wat stijl betreft, het meest overeenkomt met die van Werner Bischoff, een beroemde Zwitserse fotograaf uit de 50-er jaren<\/p>\n<p class=\"VerdanaMiddel\" align=\"left\">Expositie in <a href=\"http:\/\/www.collettivowsp.org\/\">WSP Photograhy, Rome<\/a> van 4-24 mei 2013.<\/p>\n<\/th>\n<\/tr>\n<\/tbody>\n<\/table>\n<p align=\"center\"><img loading=\"lazy\" decoding=\"async\" src=\"http:\/\/www.remmeltvanveelen.nl\/homepag3\/plaatjes\/AfficeExpoW1F-2011-3.jpg\" alt=\"\" width=\"132\" height=\"198\" \/><\/p>\n<table border=\"0\" width=\"870\" cellspacing=\"0\" cellpadding=\"0\">\n<tbody>\n<tr>\n<th class=\"VerdanaMiddel\" scope=\"row\">\n<p class=\"VerdanaMiddel\" align=\"left\">Veel opdrachten gedaan op het gebied van theater- en portretfotografie.<\/p>\n<p class=\"VerdanaMiddel\" align=\"left\">Jarenlang een <a href=\"http:\/\/www.remmeltvanveelen.nl\/Fotografie ECL\/index.html\"> cursus theaterfotografie <\/a> op het Eerste Christelijk Lyceum in Haarlem gegeven. De meest recente cursus was in het cursusjaar 2019-2020.<\/p>\n<p class=\"VerdanaMiddel\" align=\"left\">Publicaties in : Focus, (voormalige) Foto en Zoom International.<\/p>\n<p class=\"VerdanaMiddel\" align=\"left\">Het fotoboek &#8220;Italiaanse Landschappen&#8221; is verschenen in 2009 en is nog steeds te koop op: <a href=\"http:\/\/www.blurb.com\/bookstore\/detail\/722749\" target=\"_blank\" rel=\"noopener noreferrer\">Blurb <\/a><\/p>\n<p class=\"VerdanaMiddel\" align=\"left\">In 2013 is het fotoboek &#8220;Imagini Duplicate&#8221; verschenen. Het boek is te koop op:<a href=\"http:\/\/nl.blurb.com\/b\/4238557-immagini-duplicate\"> Blurb<\/a><\/p>\n<p align=\"left\">Het meest recente fotoboek is: &#8220;Piano Grande, voor en na de aardbevingen in 2016&#8221;. Het is verschenen in 2018. Ook dit boek is te koop op: <a href=\"http:\/\/www.blurb.com\/b\/8695740-piano-grande\">Blurb<\/a><\/p>\n<p class=\"VerdanaMiddel\" align=\"left\">U kunt mij bereiken via email: <a href=\"mailto:mail@remmeltvanveelen.nl\" target=\"_ blank\" rel=\"noopener noreferrer\">Remmelt van Veelen<\/a><\/p>\n<p class=\"VerdanaMiddel\" align=\"left\">De originelen zijn geprint met hoogwaardige pigmentinkt <a href=\"http:\/\/www.epson.com\/\" target=\"_ blank\" rel=\"noopener noreferrer\">Epson Ultrachrome K3<\/a>.De nieuwe inkten van Epson die een levensduur van 75-100 jaar garanderen, benaderen de eigenschappen van Cibachrome.<br \/>\nPrijsindicatie: A2 (40x60cm) \u20ac 475,- Ingelijst (verdiepte lijst), buitenmaat 65&#215;85 cm: \u20ac 625,-<br \/>\nA3+ ( 32&#215;48,3 cm) \u20ac 325,-. Ingelijst, buitenmaat 50&#215;60 cm: \u20ac 475,-<br \/>\nVoor nadere informatie kunt u mij emailen.<\/p>\n<p align=\"left\"><span class=\"VerdanaMiddelGroot\"> Technische informatie<\/span><\/p>\n<p class=\"VerdanaMiddel\" align=\"left\">Mijn favoriete camera voor landschapsfoto&#8217;s is nu de <a href=\"http:\/\/www.ricoh-imaging.nl\/nl\/reflex-digitaal\/PENTAX-K-1-D-SLR.html\" target=\"_ blank\" rel=\"noopener noreferrer\">Pentax K1 .<\/a>. Een prachtige camera met 36 Mp. Verder een uniek Pixel Shift systeem, dat ideaal is voor landschapsfotografie, maar ook zeer geschikt voor theaterfotografie.\u00a0 Ook gebruik ik nog de <a href=\"http:\/\/camerapedia.wikia.com\/wiki\/Pentax_67\"> Pentax 67 <\/a> Grootbeeldcamera.<br \/>\nDe <a href=\"http:\/\/www.leica-camera.com\/\" target=\"_ blank\" rel=\"noopener noreferrer\">Leica M9<\/a> is de camera voor straat- en reisfotografie. De heldere zoeker en de fantastische objectieven zijn voor mij de doorslaggevende eigenschappen.<br \/>\nVoor straatfotografie en voor fotograferen onder &#8220;aviable light&#8221; omstandigheden gebruik ik de <a href=\"http:\/\/www.fujifilm.com\/products\/digital_cameras\/x\/fujifilm_x100t\/\">Fuiji X100T <\/a><\/p>\n<\/th>\n<\/tr>\n<\/tbody>\n<\/table>\n","protected":false},"excerpt":{"rendered":"<p>1954-1964: Gewerkt bij een professioneel fotograaf (Wim van Dijk), waar ik het vak geleerd heb. 1961-1968: Vrije Universiteit te Amsterdam: sociale geografie en kunstgeschiedenis. 1968-2003: docent Aardrijkskunde op het ECL in Haarlem , vanaf 1988 ook decaan. In mijn studie heb ik het landschap ontdekt. Interessant is hierbij de wisselwerking tussen natuurlijke processen en menselijke &hellip; <a href=\"https:\/\/remmeltvanveelen.nl\/?page_id=138\" class=\"more-link\">Lees verder <span class=\"screen-reader-text\">&#8220;Personalia&#8221;<\/span><\/a><\/p>\n","protected":false},"author":1,"featured_media":0,"parent":0,"menu_order":0,"comment_status":"closed","ping_status":"closed","template":"","meta":{"_bbp_topic_count":0,"_bbp_reply_count":0,"_bbp_total_topic_count":0,"_bbp_total_reply_count":0,"_bbp_voice_count":0,"_bbp_anonymous_reply_count":0,"_bbp_topic_count_hidden":0,"_bbp_reply_count_hidden":0,"_bbp_forum_subforum_count":0,"two_page_speed":[],"footnotes":""},"class_list":["post-138","page","type-page","status-publish","hentry"],"_links":{"self":[{"href":"https:\/\/remmeltvanveelen.nl\/index.php?rest_route=\/wp\/v2\/pages\/138","targetHints":{"allow":["GET"]}}],"collection":[{"href":"https:\/\/remmeltvanveelen.nl\/index.php?rest_route=\/wp\/v2\/pages"}],"about":[{"href":"https:\/\/remmeltvanveelen.nl\/index.php?rest_route=\/wp\/v2\/types\/page"}],"author":[{"embeddable":true,"href":"https:\/\/remmeltvanveelen.nl\/index.php?rest_route=\/wp\/v2\/users\/1"}],"replies":[{"embeddable":true,"href":"https:\/\/remmeltvanveelen.nl\/index.php?rest_route=%2Fwp%2Fv2%2Fcomments&post=138"}],"version-history":[{"count":20,"href":"https:\/\/remmeltvanveelen.nl\/index.php?rest_route=\/wp\/v2\/pages\/138\/revisions"}],"predecessor-version":[{"id":605,"href":"https:\/\/remmeltvanveelen.nl\/index.php?rest_route=\/wp\/v2\/pages\/138\/revisions\/605"}],"wp:attachment":[{"href":"https:\/\/remmeltvanveelen.nl\/index.php?rest_route=%2Fwp%2Fv2%2Fmedia&parent=138"}],"curies":[{"name":"wp","href":"https:\/\/api.w.org\/{rel}","templated":true}]}}